*y - 2*c + 18 = 0. Let v = 6 + y. What is the highest common divisor of v and 28?
14
Suppose 6*g - 8 = 16. Calculate the greatest common factor of g and 16.
4
Let s = 6 + -4. Suppose 2*x = -s*d - 14, -2*x = 3*d - 5*d + 6. Let q be (-3 - -1 - x)/1. What is the greatest common factor of q and 33?
3
Suppose f - 12 = -f. Let u(v) = v + 5. Let r be u(-5). Suppose -a + r = -2. Calculate the greatest common divisor of a and f.
2
Suppose -3*n + 342 = 6*n. Let x = 200 - 143. What is the greatest common divisor of n and x?
19
Suppose 0 = -v - 2*v. Let o = v - -21. Suppose 4*l + h = -4*h + o, 3*l = 3*h + 36. What is the highest common divisor of l and 99?
9
Suppose -5*y = -31 - 14. Suppose -6*f + f + d = -253, 0 = f + 2*d - 44. Suppose f = 4*m + 14. What is the highest common factor of y and m?
9
Let d(c) = -37*c - 5. Let r be d(6). Let w = -147 - r. Let u(y) = y**2 + 6*y + 10. Let j be u(-6). Calculate the highest common divisor of j and w.
10
Let l be -3*-1*11/3. Let o be -10*-22*3/12. What is the highest common divisor of o and l?
11
Let z be 18 + -1 - (-2 + 4). What is the greatest common divisor of z and 15?
15
Let f(u) = 17*u**2 + 2*u - 1. Let k be 1 + 0 + -1 - -6. Suppose -1 = 5*l - k. Let s be f(l). What is the greatest common factor of 18 and s?
18
Suppose 152 = 2*x + 4*c, 2*x - 2*c = -3*x + 320. Calculate the highest common divisor of x and 22.
22
Let z be 10*(-1)/(-3)*3. Let c be (-51)/(-15) + 6/(-15). Let w be c/12 - (-558)/8. Calculate the greatest common factor of w and z.
10
Suppose 37 = -w + 4*c + 94, -3*c = 4*w - 171. Suppose 0 = 4*f + a - w, -4*a = 4*f - a - 47. Calculate the greatest common divisor of f and 33.
11
Suppose 0 = -5*s - 25, 4*j - 4*s + 80 = 296. Suppose 3*m - 21 = -0*m. What is the highest common factor of m and j?
7
Let q(g) = 8*g**2 - 2*g - 4. Let w(i) = i**2. Let n(c) = q(c) - 5*w(c). Let p be n(-5). Calculate the highest common factor of p and 9.
9
Suppose 2*x - 44 = -5*k, -5*k + 2*k = -3*x + 24. Suppose f + 3*f = x. Suppose 0 = f*w - 0 - 27. Calculate the highest common factor of 36 and w.
9
Let x(i) = -i**3 + 3*i + 2. Let f be x(-2). Calculate the greatest common divisor of 6 and f.
2
Let q(o) = o**2 + o - 22. Let z be q(0). Let b = z - -40. Calculate the highest common divisor of 27 and b.
9
Let b(f) = -f**2 - 6*f + 10. Let h be b(-7). Let a be h/(-3) - (-27 + 1). Let s be (20/(-1 - -3))/2. Calculate the greatest common divisor of s and a.
5
Suppose -5*q = -0*q - 405. Let p = -16 + 25. What is the greatest common factor of q and p?
9
Let t(x) = x**2 - 4*x. Let o be t(5). Suppose 37 = -o*j + 417. What is the greatest common divisor of j and 19?
19
Let w(a) = -9*a + 38. Let o be w(-8). Calculate the greatest common factor of o and 22.
22
Let a be (21/(-14))/(1/(-2)). Suppose 9*u = a*m + 4*u - 42, -u - 12 = -m. What is the greatest common factor of m and 3?
3
Let r(m) = 55*m. Let s be r(2). Suppose x = 4*u + 4 + 12, 0 = -x - 5*u - 11. Suppose x*z - 5*z + 11 = 0. What is the highest common divisor of s and z?
11
Let v be 2*(-3)/((-6)/5). Let c be (20/25)/(2/260). Suppose 2*t + 5*f = 20, -5*t + 5*f + c = 4*f. Calculate the highest common factor of v and t.
5
Let x(d) = d**3 - d + 77. Suppose -2*t - 10 - 15 = -5*i, 0 = 4*t - i + 5. Let q be x(t). Calculate the greatest common factor of q and 7.
7
Let u(d) = -d**2 - 3*d + 4. Let c be u(-3). Suppose -v = -0*v + 5*t - 25, 5*v - 4*t = 96. Calculate the greatest common divisor of c and v.
4
Suppose 6*u = 7*u - 44. What is the highest common divisor of 110 and u?
22
Suppose 0 = d + d - 184. Suppose -z + 0*z + t = -43, -2*z + d = -4*t. Calculate the greatest common divisor of z and 16.
8
Let f be 42/(-63) - ((-28)/(-6))/(-1). Let x(g) = g**3 + 4*g**2 - 6*g - 4. Let p be x(-5). Calculate the highest common factor of p and f.
1
Let r be ((-9)/(-2))/(2/4). Let q(g) = -g - 2. Suppose b + 8 = -3*l, 5*l = -4*b - b - 50. Let u be q(b). Calculate the highest common divisor of r and u.
9
Suppose -3 = n - 2*g, 0*n + n + 2*g = 13. What is the highest common divisor of 55 and n?
5
Suppose -2*a + 8 + 4 = 2*q, 2*q - a = 3. Suppose -3*d - 5*u + 0*u = -31, -4*u + 26 = 3*d. Let z = 17 - d. Calculate the highest common factor of q and z.
3
Let o be (4/(-6))/(10/15). Let l be -2*o/(-2)*-21. Calculate the greatest common factor of 21 and l.
21
Let v = 2 + 3. What is the greatest common factor of 10 and v?
5
Suppose -5*f - 72 = 3*v, 2*f + v + 28 = -0*v. Let l = f + 8. Let p be l/(-1) - (5 - 2). Calculate the greatest common factor of p and 1.
1
Suppose 5*x + 38 - 118 = 0. Let w = 3 - 1. What is the greatest common factor of x and w?
2
Suppose -3*n - 70 = -5*a, 3*a - 19 = 3*n + 23. What is the greatest common divisor of 84 and a?
14
Suppose 5*w = 50 + 10. Suppose 1 + w = b. Calculate the highest common factor of b and 143.
13
Suppose -4*c + 4 = -2*c. Suppose 3*f = -c*f + 25. Suppose 4*v + 92 = 3*d - 76, 3*v = f*d - 291. What is the highest common factor of d and 20?
20
Let t be (-4)/(-18) + (-56)/9. Let z = t - -26. What is the highest common factor of z and 4?
4
Let u = 0 - 8. Let f(q) = -2*q + 4. Let c be f(u). Suppose y = -3*a + 211, -3*y - 299 + 956 = a. What is the greatest common factor of c and y?
20
Suppose 0*r = -r + 2. Let q be (-4)/5*(-5)/r. Suppose 3*a = 24 - 9. What is the greatest common divisor of q and a?
1
Let v(o) = -9*o**2 + 9*o - 27. Let n(l) = -4*l**2 + 5*l - 13. Let u(z) = -7*n(z) + 3*v(z). Let i be u(7). Calculate the greatest common divisor of i and 3.
3
Let p = -6 - -11. Suppose -p*j + j + 608 = 0. What is the highest common divisor of j and 19?
19
Let y(g) = g + 4. Let l be y(-7). Let o = 13 - l. Calculate the greatest common divisor of 176 and o.
16
Let r(s) = -s**3 + 4*s**2 + 6*s. Let y be r(5). Suppose -y*v = -2*g - 23, -7 = 5*g - 2*v + 19. Let d = g + 10. What is the greatest common divisor of d and 54?
6
Suppose -285 = -8*t - 45. Let j(b) = 120*b. Let s be j(2). Calculate the highest common divisor of s and t.
30
Let c(d) = d + 1. Let j be c(1). Let x = -438 + 642. Suppose -j*l + x = l. Calculate the greatest common divisor of l and 17.
17
Let p(j) = 71*j + 3. Let n be p(3). What is the greatest common divisor of 24 and n?
24
Let y(k) = -2*k**3 + 11*k**2 + 14*k + 12. Let a(p) = p**3. Let z(x) = 3*a(x) + y(x). Let w be z(-9). Calculate the highest common divisor of 120 and w.
24
Let k = -2 + 2. Suppose -v = -k*v - 4. Let u be ((-15)/(-2))/(v/8). Calculate the greatest common factor of 5 and u.
5
Suppose -12 = -3*i - 3. Suppose -2*z - i*f = 10, -20 = 6*f - f. Let s = 1 + 0. Calculate the highest common divisor of s and z.
1
Let q(o) = 2*o**2 + 11*o + 4. Let x(n) = -3*n**2 - 21*n - 8. Let p(d) = 5*q(d) + 3*x(d). Let v be p(12). Calculate the highest common factor of 4 and v.
4
Suppose -7*f + 2*f + 4*v = 34, 2 = f - 3*v. Let u = f - -18. Let n = 46 + -6. Calculate the highest common factor of u and n.
8
Suppose 2*w + 10*w - 96 = 0. Let o = -179 + 266. Let c be o + 2/4*2. Calculate the highest common factor of c and w.
8
Let u(i) = 3*i**2 + 2*i - 1. Let p be u(1). Suppose -p*o = -71 - 41. Let d = 113 - 71. What is the highest common factor of o and d?
14
Let l be (-2)/(-3) + 34*(-1)/(-3). Let j be 24/(15/6 - 2). Calculate the highest common divisor of l and j.
12
Let l(b) = 7*b**2 - 7*b + 6. Let t(k) = -11*k**2 + 10*k - 9. Let z(g) = 8*l(g) + 5*t(g). Let u be z(6). What is the greatest common factor of u and 9?
3
Suppose 0*p = 2*p - 3*l + 39, 4*l + 128 = -4*p. Let b = p - -54. What is the greatest common divisor of 3 and b?
3
Suppose -l + 30 = 5*q, -3*l + 0*q - 10 = -5*q. Let y(s) = s**2 + 2. Let h be y(0). Calculate the highest common factor of l and h.
1
Suppose -3*k + 8 = -7*k. Let x(o) = -4*o**3 + o**2 - 2*o. Let r be x(k). Let g be (-21)/(-6)*4 - -2. What is the highest common factor of r and g?
8
Suppose 12 = -4*f, i - 2*i - f + 4 = 0. Calculate the highest common divisor of 1 and i.
1
Let g be 15/12*10*2. Suppose 0 = -4*f - 8, 3*f = 5*t - 0*f - 31. Calculate the greatest common factor of g and t.
5
Let y be (-1)/(1*(-3)/6). Suppose -1 = -y*c + 3. What is the highest common factor of 18 and c?
2
Let i be 56/(-12) + (-2)/(-3). Let a = i + 7. Calculate the highest common divisor of 21 and a.
3
Let i be (-12)/5*(-50)/15. What is the greatest common divisor of i and 1